reds digit of 27814?
8
What is the hundreds digit of 2289?
2
What is the thousands digit of 17319?
7
What is the tens digit of 90252?
5
What is the hundreds digit of 41426?
4
What is the tens digit of 1783?
8
What is the hundreds digit of 978?
9
What is the tens digit of 3719?
1
What is the units digit of 2317?
7
What is the hundreds digit of 661?
6
What is the units digit of 1900?
0
What is the ten thousands digit of 37765?
3
What is the tens digit of 3363?
6
What is the hundreds digit of 17757?
7
What is the units digit of 10975?
5
What is the tens digit of 652?
5
What is the hundreds digit of 76874?
8
What is the ten thousands digit of 89277?
8
What is the thousands digit of 10955?
0
What is the units digit of 32198?
8
What is the units digit of 1406?
6
What is the tens digit of 1701?
0
What is the tens digit of 6781?
8
What is the hundreds digit of 636?
6
What is the hundreds digit of 52357?
3
What is the tens digit of 2024?
2
What is the hundreds digit of 5494?
4
What is the hundreds digit of 52379?
3
What is the units digit of 72090?
0
What is the units digit of 7185?
5
What is the ten thousands digit of 157228?
5
What is the hundreds digit of 8765?
7
What is the units digit of 12724?
4
What is the tens digit of 1021?
2
What is the hundreds digit of 941?
9
What is the tens digit of 3655?
5
What is the ten thousands digit of 50744?
5
What is the units digit of 6782?
2
What is the tens digit of 889?
8
What is the hundred thousands digit of 123902?
1
What is the hundreds digit of 3921?
9
What is the units digit of 6878?
8
What is the tens digit of 7394?
9
What is the ten thousands digit of 20669?
2
What is the ten thousands digit of 16114?
1
What is the tens digit of 612?
1
What is the units digit of 4713?
3
What is the hundreds digit of 5477?
4
What is the hundreds digit of 1855?
8
What is the ten thousands digit of 13541?
1
What is the units digit of 921?
1
What is the thousands digit of 2771?
2
What is the tens digit of 721?
2
What is the thousands digit of 1744?
1
What is the hundreds digit of 8062?
0
What is the tens digit of 510?
1
What is the thousands digit of 1658?
1
What is the thousands digit of 3433?
3
What is the units digit of 2841?
1
What is the thousands digit of 2944?
2
What is the thousands digit of 9511?
9
What is the thousands digit of 1056?
1
What is the hundreds digit of 541?
5
What is the tens digit of 15672?
7
What is the tens digit of 404?
0
What is the hundreds digit of 61863?
8
What is the hundreds digit of 1648?
6
What is the tens digit of 22907?
0
What is the hundreds digit of 2091?
0
What is the tens digit of 1888?
8
What is the hundreds digit of 3487?
4
What is the units digit of 1784?
4
What is the hundreds digit of 5836?
8
What is the thousands digit of 22102?
2
What is the units digit of 1091?
1
What is the hundreds digit of 19976?
9
What is the tens digit of 14194?
9
What is the hundreds digit of 2048?
0
What is the hundreds digit of 286?
2
What is the tens digit of 4099?
9
What is the hundreds digit of 1989?
9
What is the thousands digit of 49202?
9
What is the tens digit of 9447?
4
What is the thousands digit of 2228?
2
What is the hundreds digit of 40919?
9
What is the tens digit of 76526?
2
What is the ten thousands digit of 27798?
2
What is the ten thousands digit of 108615?
0
What is the hundreds digit of 16156?
1
What is the ten thousands digit of 10663?
1
What is the units digit of 3920?
0
What is the thousands digit of 6768?
6
What is the hundreds digit of 365?
3
What is the tens digit of 20889?
8
What is the ten thousands digit of 23738?
2
What is the hundreds digit of 100817?
8
What is the units digit of 994?
4
What is the tens digit of 1083?
8
What is the units digit of 1712?
2
What is the thousands digit of 28084?
8
What is the tens digit of 10111?
1
What is the thousands digit of 33858?
3
What is the thousands digit of 5899?
5
What is the units digit of 23148?
8
What is the hundreds digit of 948?
9
What is the ten thousands digit of 13893?
1
What is the hundreds digit of 39372?
3
What is the thousands digit of 144971?
4
What is the units digit of 162?
2
What is the hundreds digit of 1227?
2
What is the thousands digit of 5332?
5
What is the thousands digit of 7681?
7
What is the hundreds digit of 788?
7
What is the tens digit of 2220?
2
What is the hundred thousands digit of 153966?
1
What is the tens digit of 2604?
0
What is the hundreds digit of 2629?
6
What is the ten thousands digit of 79871?
7
What is the thousands digit of 54662?
4
What is the hundreds digit of 1170?
1
What is the tens digit of 53276?
7
What is the hundreds digit of 9064?
0
What is the thousands digit of 1189?
1
What is the ten thousands digit of 23242?
2
What is the units digit of 2222?
2
What is the ten thousands digit of 54707?
5
What is the thousands digit of 27252?
7
What is the units digit of 4828?
8
What is the hundreds digit of 2581?
5
What is the units digit of 51?
1
What is the units digit of 55882?
2
What is the thousands digit of 1089?
1
What is the tens digit of 537?
3
What is the tens digit of 211?
1
What is the thousands digit of 5216?
5
What is the thousands digit of 3126?
3
What is the thousands digit of 13557?
3
What is the ten thousands digit of 38009?
3
What is the thousands digit of 9768?
9
What is the thousands digit of 122192?
2
What is the units digit of 3177?
7
What is the ten thousands digit of 22525?
2
What is the hundreds digit of 428?
4
What is the hundred thousands digit of 199761?
1
What is the units digit of 524?
4
What is the ten thousands digit of 18915?
1
What is the hundreds digit of 55771?
7
What is the units digit of 7391?
1
What is the ten thousands digit of 60332?
6
What is the ten thousands digit of 17148?
1
What is the tens digit of 55277?
7
What is the ten thousands digit of 29036?
2
What is the units digit of 13127?
7
What is the units digit of 1085?
5
What is the thousands digit of 13426?
3
What is the hundreds digit of 2495?
4
What is the thousands digit of 2038?
2
What is the tens digit of 881?
8
What is the units digit of 70465?
5
What is the thousands digit of 13093?
3
What is the thousands digit of 1668?
1
What is the ten thousands digit of 65150?
6
What is the units digit of 479?
9
What is the units digit of 1876?
6
What is the hundreds digit of 136?
1
What is the units digit of 6709?
9
What is the ten thousands digit of 85853?
8
What is the tens digit of 981?
8
What is the hundreds digit of 763?
7
What is the tens digit of 21423?
2
What is the tens digit of 1578?
7
What is the hundreds digit of 7122?
1
What is the tens digit of 48138?
3
What is the tens digit of 2946?
4
What is the units digit of 20280?
0
What is the tens digit of 9508?
0
What is the thousands digit of 11373?
1
What is the units digit of 6554?
4
What is the hundreds digit of 41745?
7
What is the thousands digit of 9726?
9
What is the thousands digit of 38834?
8
What is the tens digit of 65884?
8
What is the tens digit of 2237?
3
What is the thousands digit of 2347?
2
What is the units digit of 693?
3
What is the hundreds digit of 71048?
0
What is the units digit of 2679?
9
What is the hundreds digit of 5612?
6
What is the units digit of 534?
4
What is the thousands digit of 43009?
3
What is the units digit of 2370?
0
What is the hundreds digit of 2936?
9
What is the ten thousands digit of 16976?
1
What is the hundreds digit of 553?
5
What is the units digit of 6414?
4
What is the thousands digit of 13883?
3
What is the units digit of 707?
7
What is the units digit of 1453?
3
What is the units digit of 5036?
6
What is the hundreds digit of 1156?
1
What is the units digit of 32883?
3
What is the thousands digit of 25292?
5
What is the hundreds digit of 12353?
3
What is the thousands digit of 4687?
4
What is the units digit of 1112?
2
What is the tens digit of 572?
7
What is the ten thousands digit of 104553?
0
What is the tens digit of 390?
9
What is the hundreds digit of 415?
4
What is the units digit of 2127?
7
What is the hundreds digit of 50365?
3
What is the units digit of 422?
2
What is the thousands digit of 64224?
4
What is the tens digit of 6382?
8
What is the thousands digit of 3848?
3
What is the units digit of 639?
9
What is the units digit of 26984?
4
What is the hundreds digit of 14533